base 14, what is b + 46b848?
46b855
In base 15, what is 109b + -d958?
-c8ac
In base 8, what is 3012127 + -217?
3011710
In base 6, what is -10351110405 - 21?
-10351110430
In base 15, what is c + -db91a?
-db90d
In base 12, what is 2 - -5b2a8b91?
5b2a8b93
In base 13, what is -189 + 18aba?
18931
In base 5, what is 12 + -130130241410?
-130130241343
In base 2, what is -11101111011010011101110001 - -101?
-11101111011010011101101100
In base 8, what is -1134161 + 45?
-1134114
In base 6, what is 101 + -11225212?
-11225111
In base 11, what is 29 - -61637a?
6163a8
In base 6, what is 105 + 14410?
14515
In base 6, what is 2230 - -5451345?
5454015
In base 13, what is -33 - 17bbc?
-17c22
In base 6, what is -13533 + -415343?
-433320
In base 15, what is -4 - c8976?
-c897a
In base 15, what is -12371 + -22?
-12393
In base 13, what is -2 - -7bc367?
7bc365
In base 15, what is 27ea58a + -2?
27ea588
In base 7, what is 355 + 1443605?
1444263
In base 10, what is -1208 - -36737?
35529
In base 14, what is -1d34 - 1cb45?
-20a79
In base 11, what is 40011 - 1347?
39775
In base 7, what is -32415 - -346?
-32036
In base 11, what is 40 - -660885?
660915
In base 9, what is 707814 - -2?
707816
In base 5, what is -123402101 - -340?
-123401211
In base 6, what is 225 + 335430?
340055
In base 13, what is -74 + -1070c?
-10783
In base 15, what is -a + -217b651?
-217b65b
In base 7, what is 44 + 116026612?
116026656
In base 8, what is -31516457 + 131?
-31516326
In base 9, what is 132 - -2446466?
2446608
In base 8, what is 402 - -15633?
16235
In base 15, what is 11584e13 - -3?
11584e16
In base 14, what is 497 + -20a66?
-205ad
In base 8, what is -2 + 1307006065?
1307006063
In base 13, what is 3648c5a4 - 4?
3648c5a0
In base 7, what is -20 - 3535544?
-3535564
In base 7, what is 43252 + -16?
43233
In base 14, what is 14826 - -20a1?
168c7
In base 4, what is 313222 + 11232302?
12212130
In base 11, what is 10 + -2035858?
-2035848
In base 5, what is -1030130201431 - 10?
-1030130201441
In base 8, what is -246655 + 52?
-246603
In base 15, what is 12d + 151?
27e
In base 10, what is 4214 - 3619?
595
In base 5, what is 14 - 41232423?
-41232404
In base 13, what is -87a6 + 4a0b?
-3a98
In base 10, what is -13589312 - -5?
-13589307
In base 13, what is -5c3a + -15952?
-1b88c
In base 15, what is -1e + -47906d?
-47908c
In base 7, what is -2203216 + 64?
-2203122
In base 14, what is 10354 + 1d1c?
12272
In base 14, what is -873 + 462a8?
45835
In base 3, what is 0 + -11110102110220121?
-11110102110220121
In base 15, what is -3 + 2ca7967?
2ca7964
In base 15, what is 7 + -8a2a5?
-8a29d
In base 14, what is 6 + 8b5452?
8b5458
In base 16, what is 9 + 110b21?
110b2a
In base 12, what is 42a6 - -91a4?
1148a
In base 7, what is 65025 + -116?
64606
In base 9, what is -2418776 + -5?
-2418782
In base 2, what is -110010110000101011 - 111011?
-110010110001100110
In base 16, what is -37fd3 - -460?
-37b73
In base 11, what is -54a7458 - -87?
-54a7381
In base 7, what is -3 + -36552564?
-36552600
In base 8, what is 2644 + -4262?
-1416
In base 11, what is 13 - -93001a?
930032
In base 10, what is -58692 - 504?
-59196
In base 16, what is -92 - 822b?
-82bd
In base 16, what is 472e - 11b?
4613
In base 14, what is bc9b + -25d?
ba3c
In base 6, what is -1115424153 + 4?
-1115424145
In base 2, what is 1111000111 - 111001001010010?
-110111010001011
In base 14, what is ac9158 + -5?
ac9153
In base 14, what is -75038d3 + -3?
-75038d6
In base 4, what is -2 - -233123132120?
233123132112
In base 4, what is -120 - 132313311100?
-132313311220
In base 2, what is -101001011 - -100010101011110?
100010000010011
In base 5, what is -1124334 + 243031?
-331303
In base 10, what is -9 + -1095563?
-1095572
In base 16, what is 1b - 1b967?
-1b94c
In base 10, what is 2 - -12042422?
12042424
In base 8, what is 3112607 - -12?
3112621
In base 16, what is -3 - 449e424?
-449e427
In base 8, what is -174566 - -314?
-174252
In base 6, what is 334225334 + 2?
334225340
In base 6, what is -13 + -140152342?
-140152355
In base 7, what is -2 - 245226515?
-245226520
In base 7, what is 2605113 + 4305?
2612421
In base 11, what is 3 - 8606561?
-8606559
In base 2, what is 1001 - 1101101100101100010111?
-1101101100101100001110
In base 15, what is 134 - 186a9?
-18575
In base 14, what is -21253 + 3b7?
-20c7a
In base 5, what is -133 + 20223142?
20223004
In base 3, what is -202 - -2012002121222?
2012002121020
In base 11, what is 16 - -2a0212?
2a0228
In base 10, what is 5 - -2396917?
2396922
In base 12, what is 127047 - -304?
12734b
In base 2, what is -1000000111101000100101 - -1101?
-1000000111101000011000
In base 9, what is -8 - -3123532?
3123523
In base 13, what is -2 - -1c9b529?
1c9b527
In base 5, what is -13411203 - -20?
-13411133
In base 5, what is 14 + 1041103123?
1041103142
In base 3, what is -21212121 + -10102120201?
-10201110022
In base 5, what is -11301220133 - -10?
-11301220123
In base 4, what is -1032112303211203 - 11?
-1032112303211220
In base 7, what is -300544122 + -4?
-300544126
In base 3, what is 2211101 + -10212112?
-1001011
In base 2, what is 1101001001101000100101 + 1001?
1101001001101000101110
In base 4, what is 13103133 - 3132?
13100001
In base 12, what is 173 + 36b6b?
37122
In base 11, what is 1906 + 32587?
34392
In base 7, what is -1132165 + 5330?
-1123535
In base 5, what is -4001130 + -324212?
-4330342
In base 2, what is -11 - -11011100010000011000001101?
11011100010000011000001010
In base 11, what is -9813478 + 7?
-9813471
In base 10, what is 1318590710 + -3?
1318590707
In base 5, what is 4441120 - -1103?
4442223
In base 9, what is 4200 + -131775?
-126575
In base 15, what is 19d025 - 2?
19d023
In base 13, what is -756 - -b298b?
b2235
In base 9, what is -1 - -238833713?
238833712
In base 9, what is -50161 + 3431?
-45630
In base 7, what is -1614 - -560255?
555341
In base 7, what is -234 + 13213?
12646
In base 8, what is 40111 + -7071?
31020
In base 4, what is 1103101012 + 20333?
1103122011
In base 15, what is 189a37 + -2?
189a35
In base 15, what is 192 + 9061?
9203
In base 13, what is 1441 - -47c?
18c0
In base 7, what is 10200122 - -45?
10200200
In base 16, what is -8 - 318f50?
-318f58
In base 13, what is 10909 + 1c89?
12895
In base 6, what is 4 + 1432100151?
1432100155
In base 4, what is -133113003202 + -22?
-133113003230
In base 14, what is -6593 + a8?
-64c9
In base 16, what is d9 + -14c86?
-14bad
In base 14, what is -16 - -32880?
32868
In base 2, what is -100 + 10110011000101100011111011?
10110011000101100011110111
In base 9, what is -4 + 10104663?
10104658
In base 10, what is -378 + -152220?
-152598
In base 4, what is 331012313 - -101?
331013020
In base 13, what is -111c9a6 - 4?
-111c9aa
In base 11, what is -507a94 - -471?
-507623
In base 5, what is 2240134313 + -2?
2240134311
In base 4, what is 1030323 - -3002013?
10033002
In base 14, what is -2147 - -2c90?
b47
In base 12, what is 36227 - -9a7?
37012
In base 10, what is 3 + 15523328?
15523331
In base 16, what is 1d2ba676 - 4?
1d2ba672
In base 2, what is -110010010010010010010011 + -11110?
-110010010010010010110001
In base 16, what is 8d5cb + e?
8d5d9
In base 6, what is -2255351555 - 3?
-2255352002
In base 8, what is -1472 - 720410?
-722102
In base 16, what is -5 + 1db2aed?
1db2ae8
In base 11, what is -8 + 5a17?
5a0a
In base 2, what is -101 + 101100111011010110111000?
101100111011010110110011
In base 4, what is 223 + 232033110222?
232033111111
In base 7, what is -1140612223 - 2?
-1140612225
In base 9, what is 11 + -5582748?
-5582737
In base 15, what is -959671 - 1?
-959672
In base 9, what is 1147653 + 1286?
1150050
In base 15, what is 4 - 290104?
-290100
In base 2, what is 100111001100100001100110100111 + -1?
100111001100100001100110100110
In base 16, what is 2 - 2fe39ef?
-2fe39ed
In base 7, what is 1343160236 + 1?
1343160240
In base 6, what is -25541 - -21103?
-4434
In base 5, what is -14 + 10140031143?
10140031124
In base 9, what is -44 - -557137?
557083
In base 12, what is -38b87943 + 1?
-38b87942
In base 6, what is -1324032 - -105?
-1323523
In base 11, what is -a4915048 - 5?
-a4915052
In base 11, what is -581aa585 - 0?
-581aa585
In base 3, what is 1010201 + 221210?
2002111
In base 2, what is 111000101001011011011 + 110?
111000101001011100001
In base 16, what is -2957df + -18?
-2957f7
In base 4, what i